est common divisor of u and i.
6
Suppose -44*z + 7*k = -47*z + 2765, 0 = -z - 4*k + 920. What is the highest common factor of z and 3444?
84
Suppose -2*g - 1076 = -3*w, -w + 370 = 2*g + 3*g. Let v be -3 + -1 + (-74)/(-3)*-3. Let r = 123 + v. Calculate the highest common factor of w and r.
45
Let h(c) = -22 + c + 0*c - 59 - 27 + 137. Suppose -3*i = 2*y - 58, -5*i = 5*y - 22 - 83. Let n be h(i). Calculate the highest common divisor of n and 18.
9
Let r be (-662)/(-15) - 6/45. Let w be r*(-4)/(-3)*3. Calculate the greatest common factor of 33 and w.
11
Suppose 199 = j + t, -2*t - 766 = -4*j - 0*j. Let f = j + -62. What is the highest common factor of f and 55?
11
Let j(l) = l**3 + 15*l**2 - 56*l - 1000. Let o be j(-13). Calculate the highest common factor of 6666 and o.
66
Let q = 1 + 103. Suppose -5*x = -4*d + 200, -5*d + 146 = 3*x - q. Calculate the greatest common divisor of d and 4.
2
Let y be (-69)/21 + 2/7. Let a = -9 + y. Let i be (-3)/(-2)*(a - -62). What is the highest common factor of i and 30?
15
Let l(g) = -12*g**3 + 31*g**3 - 18*g**3 + 151 + 37*g**2 + 40*g. Let k be l(-36). Calculate the highest common factor of 1 and k.
1
Suppose -4*h + 21*a + 878 = 18*a, 2*h - 450 = -4*a. Calculate the greatest common divisor of 52 and h.
13
Let f(y) = -175*y + 1291. Let t be f(6). What is the highest common divisor of t and 2?
1
Suppose 5*d + 718 = -i, -5*d - 333 - 391 = 3*i. Let q = 517 + d. What is the greatest common factor of 34 and q?
34
Let v = -1854 - -1874. Suppose 2*c = 10, 0 = 4*x - 0*c + 2*c - 650. What is the greatest common divisor of x and v?
20
Suppose z = -3*z + 4*f + 56, 2*f = 4. Let t(x) = -9*x + 75. Let d be t(7). Calculate the highest common factor of d and z.
4
Let l be ((-27)/12)/(2*(-12)/2976). What is the highest common factor of 527 and l?
31
Let c = -25006 - -38758. What is the highest common divisor of 216 and c?
72
Suppose 2*t - 10 = 34*n - 30*n, t + 3*n - 45 = 0. What is the highest common divisor of t and 7637?
7
Let t(c) = 162*c - 622. Let f be t(4). Calculate the greatest common divisor of 1859 and f.
13
Suppose -16*a + 8*a + 40 = 0. What is the greatest common divisor of 5935 and a?
5
Suppose -1095 = 2*w + 3*w + 3*f, 4*f = -w - 202. Let t = 239 + w. Calculate the greatest common divisor of 17 and t.
17
Let t be (-2)/(((-6)/(-1698))/(3/6)). Let o = 374 + t. Suppose -4*j + 52 = -0*j. Calculate the highest common factor of o and j.
13
Suppose 0 = -y + 6*y + 10, v = 3*y + 234. Let a = -82553 + 82565. Calculate the highest common divisor of a and v.
12
Suppose 208 = 4*i + 196. Suppose 5*u + i*a - 964 = 0, -u - a + 244 = 50. Suppose -188*o + u*o - 255 = 0. Calculate the greatest common factor of 5 and o.
5
Suppose 776 = q + 4*m + 62, 4*q - 5*m - 2898 = 0. What is the greatest common divisor of 2 and q?
2
Let n be ((-1 - -9) + 0)/((-278)/(-3197)). Calculate the greatest common factor of n and 128.
4
Suppose -3*y = 2*y + 1880. Let s be 1/((-6)/y) + (-4)/(-12). Calculate the highest common factor of s and 42.
21
Let t be (-12)/(-27) + 8/(-18). Suppose -2*p + t = u - 17, -3*p + u = -28. Calculate the greatest common factor of 441 and p.
9
Let a(u) = -u**3 + 9*u**2 - 6*u + 2. Let w be a(8). Let y be 698/29 + -2*(-29)/(-841). Calculate the highest common divisor of y and w.
6
Suppose 2*f = -3*l + 90, 3*l - 14 = -f + 76. Suppose x + 41 = 4*t, -5*t - 4*x = -21 - 25. Calculate the greatest common factor of t and l.
10
Let i be (-4)/(-22) - 7722/(-121). Let t be 83/5 - 16/(400/15). Calculate the greatest common divisor of t and i.
16
Suppose 318 - 1218 = 10*z. Let o be (24/10)/(2*(-2)/z). What is the highest common divisor of 81 and o?
27
Let f(w) = -w**3 + 20*w**2 + 2041*w - 38. Let k be f(56). What is the highest common divisor of k and 54?
6
Suppose 25 = 2*t - 57. Let o = t + -9. What is the highest common divisor of o and 48?
16
Let w(s) = -28*s + 18 + 17 - 28 + 9. Let q be w(-2). Suppose 6 - 15 = -h. What is the highest common divisor of q and h?
9
Let w(c) = -c**3 - c**2 + c + 10. Let l be w(0). Let i(d) = 2*d**3 + 31*d**2 + 105*d + 5. Let s be i(-10). Calculate the highest common factor of l and s.
5
Suppose -16*h - o + 75240 = -13*h, 2*o = h - 25101. Calculate the highest common divisor of 27 and h.
27
Let z = 14408 - 14249. What is the highest common divisor of z and 4028?
53
Let w(r) = 2*r - 2. Let g be 10/4 - 3/6. Let z be w(g). Let i be (189/(-18))/21*-20. What is the greatest common divisor of i and z?
2
Let a(u) = 10*u**2 - 17*u - 53. Let t(z) = 28*z**2 - 51*z - 159. Let d(s) = -8*a(s) + 3*t(s). Let m be d(-3). What is the highest common factor of 170 and m?
34
Suppose 30 = 5*c, -5*i + 740 = 5*c - 570. Calculate the highest common factor of i and 16256.
128
Let h be (-28)/(-10)*(-4 + (-6)/(-4)). Let f be ((-2)/h)/((-9)/(-1*315)). Let b = 89 + -64. What is the greatest common divisor of f and b?
5
Let o(t) be the second derivative of t**4/12 + 9*t**3/2 - 33*t**2/2 - 2*t - 14. Let b be o(-31). What is the highest common factor of 455 and b?
91
Suppose k - 62 = 5*v, 3*v + 0*v - 5*k = -24. Let g(x) = -13*x - 79. Let u be g(v). What is the greatest common factor of 10 and u?
10
Let l be (-2754)/(-34)*((-1220)/(-6))/5. Calculate the highest common divisor of 18 and l.
18
Suppose 224*d + 150 = 222*d. Let g = d + 81. What is the greatest common factor of 246 and g?
6
Let z be (-63)/(-13) + -4 + (-378)/(-91). Suppose 0 = 2*u - z*u + 156. Calculate the highest common divisor of u and 130.
26
Let u(r) = -r - 1. Let d be u(-3). Suppose 2*w - 4*h - 144 = 0, 3*w - d*h + 114 = 5*w. Calculate the highest common factor of w and 124.
62
Let y = -16623 - -16707. What is the highest common factor of 308 and y?
28
Suppose -4*p + k - 6 - 2 = 0, -5*p + 3*k - 10 = 0. Let b be (2 - 22/4)*p - -1. Let g be 2 - (b - 10)/(2/28). What is the highest common factor of g and 10?
10
Suppose -4*x - 2*m - 2*m = -8, -5*m - 10 = x. Suppose 0 = 4*s + x - 1, -2*s + 52 = c. Let u = -44 + c. Calculate the greatest common divisor of 2 and u.
2
Let u = -3202 + 5346. What is the highest common factor of u and 288?
32
Suppose 4*t - 15 = -u, 3*u + 9*t = 6*t + 27. What is the greatest common divisor of u and 1099?
7
Let r(p) = -263*p + 6374. Let h be r(21). What is the greatest common factor of h and 575?
23
Let f(k) = k + 6. Let r be f(-3). Let u be 1*7*32/56*1. Suppose -26 = -z + u. Calculate the greatest common divisor of r and z.
3
Suppose -3*w = -3*l + 18, 17 = -3*w + 8*l - 4*l. Let k(p) = -2*p**3 - 15*p**2 - 7*p + 10. Let b be k(w). What is the greatest common divisor of b and 90?
10
Let i be ((-80)/(-55))/(-8) - 4/(-22). Suppose i = 3*d + 5*q - 163, -4*d + 4*q = -199 + 35. What is the greatest common factor of d and 253?
23
Let k(u) be the first derivative of -5/2*u**2 - 6*u + 18 + 5/3*u**3. Let o be k(-2). Calculate the greatest common divisor of 12 and o.
12
Let l be ((-1122)/(-8))/(1 - 21/84). What is the greatest common factor of 55 and l?
11
Let w(g) = -g**2 + 45*g - 198. Let f be w(5). Suppose 4*r = -4*l + 44, -2*r - 5 = -3*l + f*r. Calculate the highest common factor of l and 175.
7
Let q be (-2)/(-4)*(1306 + -74). Calculate the greatest common divisor of 11 and q.
11
Let o be (-5068)/(-63) + (-12)/27. Suppose o*h - 83*h + 108 = 0. What is the greatest common factor of 30 and h?
6
Suppose l = 5*v + 18, -3*v - 67 - 11 = -3*l. Let x = -25 + l. Suppose 3*u + 0*f = f + 95, -2*f - 94 = -x*u. What is the highest common factor of u and 16?
16
Suppose -4*t - 938*f = -939*f - 2239, -t + 2*f = -551. What is the highest common divisor of t and 510?
51
Let a be 12 + (-8 - -12) + 30/(-6). Suppose 3*z - 4*g - 220 = -z, -z + 3*g = -55. What is the greatest common divisor of a and z?
11
Suppose 209*j - 8 = 205*j. Suppose -j*p + 7*z - 3*z + 112 = 0, 0 = -2*z. Calculate the highest common factor of 280 and p.
56
Suppose 0 = -4*o + 12, 0*f = 3*f - 5*o + 81. Let u = f + 9. Let h = u - -26. Calculate the highest common divisor of 13 and h.
13
Suppose 4*a = -7*a + 286. Let l be (0 - -4 - 4)/1. Suppose l*w = -2*w + 78. Calculate the greatest common divisor of a and w.
13
Suppose -5*t + 4175 = 5*z, 0 = -4*t + 6*t - 2*z - 1690. Suppose -t - 204 = -36*v. What is the greatest common factor of 667 and v?
29
Let w(t) = -4*t + 134. Let q be w(27). Calculate the greatest comm